highest common divisor of s and b?
5
Let d be -3 + 2 + (-2)/((-4)/6). Calculate the greatest common divisor of 8 and d.
2
Let x be 4/(-6)*(0 - -3). Let l be 2 - x/4*-10. Let u = 9 - l. Calculate the highest common factor of 60 and u.
12
Suppose -2*b + 0*b + 14 = 0. Suppose -500 = 2*x - b*x. Calculate the greatest common factor of 40 and x.
20
Suppose 4*v = 5*v. Suppose w = 0, -2*w + 250 = r + 4*r. Suppose -r = -x + 5*g, -4*x + v*g - g + 179 = 0. Calculate the greatest common divisor of 9 and x.
9
Suppose -3*u - 5*n = -417, 6*u + 3*n = 5*u + 135. What is the highest common divisor of u and 16?
16
Let o = 45 - 37. Calculate the highest common factor of 8 and o.
8
Suppose 5*n - 4*x = 2*n + 2, 3*x = 12. Let d(p) = 4*p - 1. Let v be d(n). Suppose -2*t = -14 - 32. What is the highest common factor of t and v?
23
Let w = -29 + 33. What is the greatest common divisor of 2 and w?
2
Let g = -32 - -40. Calculate the greatest common divisor of 8 and g.
8
Suppose 5*w - 113 - 112 = 0. Suppose 2*y + 9 = 3*r - w, -y + 43 = 2*r. What is the greatest common divisor of r and 160?
20
Suppose 10 = -w + 3*w. Suppose i - 4*r - 191 = 0, 0 = w*i - 0*r - 3*r - 870. Calculate the highest common divisor of 19 and i.
19
Let v be (-18)/5*(-25)/5. Calculate the highest common factor of 36 and v.
18
Let z(y) = 8*y**2 - y - 1. Let f be z(-1). What is the greatest common divisor of 16 and f?
8
Let o = 102 - -116. Suppose -3*v = -7 - o. Suppose 0 = -n + 1 + 29. Calculate the highest common factor of v and n.
15
Let k be 4/16*2*18. Calculate the greatest common factor of k and 99.
9
Let n(d) be the first derivative of 55*d**2/2 + d - 6. Let f be n(1). What is the greatest common divisor of 14 and f?
14
Suppose -2*i - 44 + 146 = 0. Calculate the greatest common factor of 17 and i.
17
Suppose 8*r - 5*r = 663. Calculate the highest common factor of 13 and r.
13
Suppose -2*k = -17 - 23. Calculate the greatest common factor of k and 8.
4
Suppose -3*n + 26 = 2*x, 3*x + 4*n - 19 = 19. Suppose -4*c + 88 - 8 = 0. What is the highest common divisor of x and c?
10
Suppose 2*a - 4*b - 146 = -a, -4*b = 5*a - 222. Let k = 66 - a. What is the greatest common divisor of 10 and k?
10
Suppose 14 = -2*i + u + 106, -u + 184 = 4*i. What is the greatest common divisor of 69 and i?
23
Let u be 2*(-19)/(-2) - 3. Calculate the greatest common divisor of u and 80.
16
Let x be 1/(-2) - (-134)/4. Let p = 11 + -9. Suppose -p*k + 5*f - 2*f + 13 = 0, -k - 3*f = -20. What is the highest common factor of x and k?
11
Suppose 5*p - 415 - 225 = 0. What is the greatest common divisor of p and 16?
16
Let f be (56/12)/((-2)/(-12)). Calculate the highest common factor of f and 4.
4
Let q(g) = 4*g**2 + g + 1. Let j be q(-1). Suppose 166 = r - 2*p, -2*r + 6*r = j*p + 684. Calculate the greatest common factor of r and 22.
22
Let x be (6 - 1)*2/2. Suppose -5*m = 2*t - m - 72, 0 = x*t - 4*m - 236. Suppose 5*u - t = u. Calculate the highest common factor of 11 and u.
11
Let y be (20/6)/(2/6). Calculate the greatest common divisor of y and 30.
10
Let a(z) = 121*z - 1. Let p be a(1). Suppose 2*v - p = -3*m + 5*m, -120 = -2*v + 5*m. What is the highest common divisor of 20 and v?
20
Let g be 7 - (-17)/(-2) - (-314)/4. Calculate the highest common divisor of 33 and g.
11
Let n(j) = 113*j - 1. Let o be n(1). Calculate the greatest common factor of o and 16.
16
Suppose 6*y = 30 + 30. Calculate the greatest common factor of 80 and y.
10
Let i be 12/7 - 2/(-7). Suppose i*h = 3*h - 165. Suppose 3*r + 15 = 4*r. Calculate the greatest common divisor of h and r.
15
Let f(o) = 2*o - 13. Let w be f(9). Suppose -54 = 3*u - w*u. What is the greatest common factor of u and 297?
27
Suppose -4*m + 3 - 6 = 3*f, 4*m + f = -1. Let q = 4 - m. Suppose j + h - 83 = -3*j, -3*h = 4*j - 89. What is the highest common factor of j and q?
4
Suppose -14 - 3 = -2*o + 5*p, p - 45 = -4*o. Let q(c) be the second derivative of -11*c**3/6 - c. Let m be q(-2). What is the greatest common factor of m and o?
11
Suppose 1620 = 4*a + 72. What is the greatest common factor of 43 and a?
43
Let t = 137 - 29. What is the highest common divisor of t and 12?
12
Let b(z) = z**2 - 2*z. Let k = 2 + 3. Let f be b(k). Suppose -30 = y - 2*y. What is the greatest common divisor of y and f?
15
Let c = 20 - -121. Suppose q + 122 = 4*k, -4*q + 1 + c = 5*k. Calculate the greatest common factor of k and 10.
10
Let p = -34 - -38. Calculate the highest common factor of p and 44.
4
Let x be 2 + 1*8 + 2. Let h(m) = -m**2 - 11*m. Let a be h(-5). Calculate the greatest common divisor of x and a.
6
Suppose 14*f - 7*f = 147. What is the highest common factor of f and 56?
7
Suppose -u = 2*s - 29, -3*u - 2*u - 2*s = -121. Calculate the greatest common factor of u and 207.
23
Suppose -24 + 8 = 4*c, -5*j - 2*c + 192 = 0. Calculate the highest common factor of j and 30.
10
Let u(n) = -2*n**3 + 2*n. Let c(s) = -s**3 + s. Let t(z) = 3*c(z) - 2*u(z). Let l be t(2). Suppose -x + l = -7. What is the highest common divisor of 52 and x?
13
Let v = 43 - 18. Let l = -5 - -5. Suppose 4*d - 20 = -l*d. Calculate the greatest common factor of d and v.
5
Suppose 0 = 2*j + 19 - 253. Calculate the highest common divisor of j and 9.
9
Suppose -2*z + 253 = 1. Suppose -15 = 3*a, g - 9 = 5*a + 30. What is the greatest common divisor of z and g?
14
Let d(g) = -26*g - 4. Let i be d(-4). Suppose 7*m = 3*m + i. What is the greatest common factor of m and 100?
25
Let h be (1 + -9)*3/(-4). Let y be (-5)/(((-3)/h)/1). Let b = -4 + y. What is the highest common divisor of 3 and b?
3
Let v = 15 + -13. Suppose -4*p = -3*p - 4*y + 8, 3*p - v*y - 26 = 0. Calculate the highest common divisor of 8 and p.
4
Let z = 329 - 89. Let w(l) = -2*l - 9. Let c be w(-7). Suppose -c*s + z = -s. What is the highest common factor of s and 24?
12
Let v = -106 + 128. Calculate the greatest common factor of 55 and v.
11
Let w(h) = -h**3 + 8*h**2 - 4*h - 4. Let c be -3 + (1*-2 - -2). Let p = 2 - c. Let x be w(p). Calculate the highest common factor of x and 17.
17
Let j be (-19)/5*1*(0 - 5). Calculate the highest common divisor of j and 152.
19
Suppose -4*l + 4*m = -16, -3*l - 41 = -7*l - m. Calculate the greatest common divisor of 81 and l.
9
Suppose -8*j + 27 = -5*j. Calculate the greatest common divisor of 6 and j.
3
Let h(y) = 5*y**2 - 2*y + 2. Let r be h(6). Suppose 180 + r = 5*f. What is the greatest common divisor of 7 and f?
7
Let p be (6/(-15))/(1/(-65)). What is the greatest common factor of p and 39?
13
Let h(s) = -s**3 - 3*s**2 + 3*s + 2. Let o be h(-4). Let z = 15 + 7. Let f be (-2)/(-6) + z/6. Calculate the highest common divisor of o and f.
2
Suppose -15 = -3*h + 5*r + 139, 5*h + 3*r - 234 = 0. What is the highest common divisor of 48 and h?
48
Let v(m) = 5*m - 20. Let n be v(5). What is the greatest common factor of n and 45?
5
Suppose 4*a + 4*s = -92, -196 = 5*a + 2*s - 72. Let z = 62 + a. Calculate the greatest common divisor of z and 12.
12
Let g be ((-80)/3)/(2*(-2)/12). Calculate the greatest common factor of 10 and g.
10
Let c be ((-29)/(-4))/(1/(-4)). Let z = -21 - c. Let h be 270/z - (-1)/4. Calculate the highest common divisor of h and 85.
17
Let v = -6 - -11. Let o be (-478 - 1)/(1 + -2). Suppose v*r = -m - 3*m + o, m = 2*r + 123. What is the greatest common factor of 11 and m?
11
Let b(c) = c**3 - 4*c**2 + 8*c - 7. Let v be b(5). Suppose v - 3 = 5*k. Calculate the greatest common factor of k and 11.
11
Suppose 17 - 457 = -5*d. What is the greatest common factor of 8 and d?
8
Suppose 0 = -5*n - 0*n + 25. Let d be 110/4*(2 - 0). Calculate the greatest common divisor of n and d.
5
Let k = 22 + -14. Let l be (4/2)/((-2)/(-12)). Calculate the highest common factor of k and l.
4
Let c = 8 - 3. Let y = 7 - c. Let k = 8 + 0. Calculate the greatest common divisor of y and k.
2
Let x be 2 + -1 + (1 - 0). Suppose 6*o + 10 = o, -x*f + 5*o = -26. Let m(a) = -a**2 - 6*a - 4. Let k be m(-4). Calculate the greatest common divisor of f and k.
4
Let z be (46/4)/(5/20). Suppose 0 = 2*c - 2 - z. Let h(w) = 11*w**2 - 2*w - 1. Let t be h(-1). What is the highest common factor of c and t?
12
Let o be 85*((10 - (-25)/(-5)) + -4). Suppose 0*b - 34 = -2*b. What is the highest common divisor of o and b?
17
Let v(k) = 4*k - 4. Suppose -5*r = -